45*a**2 + 14846*a + 2549. Give h(-424).
5
Let l(u) = -u**3 + 11*u**2 + 154*u - 1570. Calculate l(9).
-22
Let v(i) = -53808*i + 538035. What is v(10)?
-45
Let z(q) = -85*q**2 + 1883*q - 9115. Calculate z(15).
5
Let n(v) = 371*v - 819. Give n(0).
-819
Let t(c) = -8*c**3 - 48*c**2 - 2548*c - 15271. Calculate t(-6).
17
Let v(w) = w**3 + 24*w**2 + 6153*w + 168324. Calculate v(-27).
6
Let v(g) = -3046*g + 1155. What is v(1)?
-1891
Let w(j) = 2*j**3 - 1676*j**2 - 640110*j - 6. Calculate w(1123).
-6
Let b(v) = v**2 + 8650*v - 121300. Give b(14).
-4
Let b(t) = -t**3 + 50*t**2 - 22*t + 1159. What is b(50)?
59
Let q(f) = -f**3 - 10*f**2 + 27*f + 246. What is q(-9)?
-78
Let y(d) = 5*d**3 - 242*d**2 + 591*d - 36031. Give y(49).
131
Let j(n) = n**2 + 32*n + 139. Determine j(-33).
172
Let q(x) = 64*x - 3334. Calculate q(29).
-1478
Let u(x) = 9*x**2 - 1158*x + 7672. Give u(7).
7
Let z(s) = s**3 + 83*s**2 - 1975*s + 8785. Determine z(-103).
30
Let o(x) = -x**2 + 44988*x - 809468. Give o(18).
-8
Let r(a) = 10*a**3 - 224*a**2 + 81*a + 132. What is r(22)?
-22
Let p(h) = -3*h**2 - 2673*h + 16054. Determine p(6).
-92
Let o(t) = 174*t**2 - 283625*t + 8151. Give o(1630).
1
Let l(z) = 3*z**3 + 17*z**2 - 4*z - 129. What is l(-4)?
-33
Let r(a) = 2*a**2 - 234*a + 7915. Calculate r(76).
1683
Let q(t) = 395*t + 26257. Give q(-68).
-603
Let y(v) = 3*v**2 - 1194*v - 2369. Determine y(-2).
31
Let v(i) = -35*i**2 - 320*i - 711. What is v(-10)?
-1011
Let q(w) = -256455*w + 512861. Give q(2).
-49
Let b(z) = -389*z**2 - 13626*z + 16. Determine b(-35).
401
Let u(g) = -2*g**2 + 3543*g - 185503. Give u(54).
-13
Let d(q) = q**3 + 23*q**2 - 1914*q - 10166. Give d(-5).
-146
Let w(c) = -c**3 + 38*c**2 + 836*c - 2123. Determine w(53).
50
Let l(q) = -5079*q - 375847. What is l(-74)?
-1
Let z(d) = 556439*d + 12241676. Give z(-22).
18
Let f(c) = -8*c**2 - 3180*c + 813487. Calculate f(177).
-5
Let o(x) = x**3 + 30*x**2 - 80*x - 5125. Determine o(-25).
0
Let b(y) = -467*y**2 - 239107*y - 1524. Give b(-512).
12
Let x(r) = -r**3 - 36*r**2 + 235*r + 7290. Give x(-37).
-36
Let l(a) = -2*a**2 + 104*a + 826. Calculate l(-7).
0
Let q(n) = 762986*n + 3051936. Determine q(-4).
-8
Let o(x) = -791*x + 85132. What is o(108)?
-296
Let q(p) = 9*p**2 + 66*p + 17. What is q(-6)?
-55
Let m(l) = 43*l**2 - 9227*l - 56909. Calculate m(-6).
1
Let m(t) = -315*t**2 + 5658*t + 234. Calculate m(18).
18
Let u(z) = z**3 + 107*z**2 + 2554*z - 14633. Determine u(-62).
-1
Let c(y) = 4*y + 1056. Give c(-18).
984
Let u(s) = s**2 + 9243*s - 55466. What is u(6)?
28
Let i(t) = -2*t**2 + 669*t - 10339. Calculate i(16).
-147
Let i(n) = -2*n**2 - 2896*n - 1042737. Give i(-671).
-3
Let h(y) = -2*y**3 - 680*y**2 + 930*y - 248. Give h(1).
0
Let b(v) = -v**2 + 191840*v + 6907543. Calculate b(-36).
7
Let m(q) = 12*q**2 - 606*q + 265. Give m(50).
-35
Let x(a) = -20*a**2 + 116498*a + 349481. Determine x(-3).
-193
Let h(b) = 4*b**2 - 14612*b + 29215. Give h(2).
7
Let b(t) = -2*t**2 + 815*t - 20573. Determine b(27).
-26
Let r(b) = b**2 + 8541*b + 1806319. Give r(-217).
11
Let r(g) = -5*g + 86. Calculate r(22).
-24
Let x(y) = -y**2 + 8*y + 216. Give x(21).
-57
Let l(u) = -8423*u + 505410. What is l(60)?
30
Let q(s) = -s**2 - 426*s + 21271. Give q(45).
76
Let r(h) = 97*h**2 - 19106*h - 58787. Give r(200).
13
Let p(a) = -10*a**2 - 10*a + 3877. What is p(19)?
77
Let g(v) = 255*v + 41038. Give g(-161).
-17
Let g(l) = -l**2 - 80*l + 429. What is g(5)?
4
Let c(j) = 2*j**3 + 901*j**2 + 5333*j - 9. Give c(-6).
-3
Let q(r) = -23*r**2 + 16*r + 68. What is q(9)?
-1651
Let i(s) = 14*s**3 - 347*s**2 + 616*s + 60. Determine i(2).
16
Let u(p) = p**3 - 6*p**2 + 6116*p + 12271. Determine u(-2).
7
Let t(s) = -723*s**2 - 217*s + 9. What is t(-2)?
-2449
Let b(u) = -u**3 + 61*u**2 - 1324*u + 13207. Calculate b(33).
7
Let g(x) = -137*x + 2269. Give g(16).
77
Let c(p) = -149127*p - 3877297. Determine c(-26).
5
Let y(d) = 25*d**2 - 16901*d + 658. What is y(676)?
-18
Let i(w) = -w**3 - 23*w**2 + 1438*w + 517. Determine i(-51).
7
Let h(r) = 5*r**2 - 41310*r + 41299. What is h(1)?
-6
Let b(o) = 22*o**2 - 53182*o - 106362. What is b(-2)?
90
Let b(m) = -106642*m + 213128. Determine b(2).
-156
Let y(n) = 102*n**3 + 2657*n**2 + 130*n + 52. What is y(-26)?
52
Let b(d) = -91*d**2 + 17022*d - 939. Determine b(187).
-4
Let b(o) = -1967*o + 27615. Determine b(14).
77
Let x(z) = -z**2 - 7927*z - 55418. Determine x(-7).
22
Let c(h) = -20*h**2 - 31820*h + 63639. What is c(2)?
-81
Let k(b) = 2*b**2 - 22116*b + 44231. Calculate k(2).
7
Let m(x) = -595*x - 1737. What is m(-5)?
1238
Let r(g) = 212*g**2 - 3796*g - 23. Determine r(18).
337
Let s(u) = u**3 + 306*u**2 + 2721*u + 429. Calculate s(-9).
-3
Let z(f) = -7*f**3 - 57*f**2 + 1247*f + 9128. Give z(-7).
7
Let y(m) = -2758*m + 284207. What is y(103)?
133
Let d(m) = 2*m**2 + 121*m + 2117. What is d(-20)?
497
Let l(j) = 2*j**3 - 19*j**2 + 18*j + 49. Determine l(12).
985
Let v(u) = -77*u**2 - 20572*u - 3464. What is v(-267)?
7
Let z(g) = -g**3 + 477*g**2 - 297*g - 309837. What is z(475)?
338
Let v(j) = 5*j**3 + 1728*j**2 - 779*j - 30093. Give v(-346).
9
Let s(z) = -z**2 + 5977*z - 17919. What is s(3)?
3
Let v(r) = -238231*r + 2858780. Give v(12).
8
Let b(d) = -d**2 - 97*d - 2123. What is b(-29)?
-151
Let f(o) = o**2 - 17*o + 72. Calculate f(36).
756
Let u(o) = -37*o**2 - 2850*o - 140. Calculate u(-77).
-63
Let p(q) = -1373*q**2 - 6734*q + 262. What is p(-5)?
-393
Let l(c) = -c**3 + 22*c**2 + 169*c - 2194. Determine l(8).
54
Let j(k) = -4*k**3 + 158*k**2 - 636*k + 4739. Give j(36).
-13
Let v(k) = k**3 - 12*k**2 + 42*k - 52. What is v(6)?
-16
Let d(y) = -40210*y + 1166275. What is d(29)?
185
Let p(o) = -250*o - 12273. Give p(-56).
1727
Let l(t) = -265*t + 9611. Determine l(37).
-194
Let z(s) = 331017*s - 4965273. Determine z(15).
-18
Let f(r) = r**3 - 136*r**2 - 554*r - 836. What is f(140)?
4
Let o(z) = 5*z**3 - 9*z**2 - 735*z + 52. Calculate o(13).
-39
Let v(b) = 31*b**2 - 828*b + 832. What is v(1)?
35
Let z(a) = -1793*a**2 - 10192*a + 2. Calculate z(-5).
6137
Let n(f) = -82*f**2 - 6*f + 269. Determine n(0).
269
Let t(f) = -51736*f + 3983661. Give t(77).
-11
Let o(n) = -27947*n - 83931. What is o(-3)?
-90
Let k(c) = 67*c**2 + 592*c + 476. Calculate k(-8).
28
Let x(b) = 45*b - 7187. Calculate x(153).
-302
Let l(n) = -n**2 - 996*n + 28684. Determine l(28).
12
Let l(b) = 29*b**2 - 98*b - 10. Give l(-8).
2630
Let r(d) = 42998*d - 1719922. Give r(40).
-2
Let t(p) = 593*p + 9814. Give t(-17).
-267
Let k(u) = u**2 - 1672. What is k(-45)?
353
Let z(q) = 3*q**3 + 31*q**2 + 59*q + 13. Give z(-2).
-5
Let w(m) = -14*m**3 - 94*m**2 + 271*m + 1. What is w(3)?
-410
Let b(q) = 5*q**2 + 157*q - 1023. Give b(6).
99
Let q(b) = -b**2 - 9242*b + 408578. Give q(44).
-6
Let t(w) = 4*w**3 + 48*w**2 - 6*w - 269. What is t(-12)?
-197
Let n(d) = -6302*d - 182791. Determine n(-29).
-33
Let g(t) = -t**2 - 21152*t + 741541. What is g(35)?
-4
Let v(x) = 765*x + 2779. What is v(-4)?
-281
Let l(y) = -y**3 - 92*y**2 - 2115*y - 185. What is l(-48)?
-41
Let m(k) = -k**2 - 280*k + 36967. Determine m(-378).
-77
Let k(i) = i**3 + 120*i**2 + 2374*i - 23. Calculate k(-25).
2
Let m(l) = 42582*l - 27465402. Give m(645).
-12
Let u(c) = -c**3 + 25*c**2 + 16*c + 13. Give u(26).
-247
Let i(a) = 59*a**2 + 243*a - 673. Give i(-6).
-7
Let f(h) = -h**3 + 102*h**2 + 3100*h - 9568. Determine f(126).
8
Let y(q) = 421*q - 19257. Calculate y(45).
-312
Let x(v) = -v**3 - 9*v**2 + 80*v + 802. What is x(-14)?
662
Let s(a) = -1371*a - 15039. Give s(-11).
42
Let i(k) = 182846*k - 1645700. Calculate i(9).
-86
Let u(r) = 97*r + 3808. Calculate u(-6).
3226
Let d(c) = c**3 + 135*c**2 + 887*c - 1038. Give d(-128).
114
Let r(l) = 11*l**3 - 130*l**2 + 350*l - 4491. Determine r(12).
-3
Let m(o) = -8896*o + 26294. What is m(3)?
-394
Let k(l) = -l**3 + 933*l**2 - 1805*l - 53068. Determine k(931).
-1
Let w(z) = 40*z**3 - 3*z**2 + 152*z - 456. Give w(3).
1053
Let o(r) = 3*r**2 - 43*r - 1037. Determine o(-14).
153
Let o(d) = -19*d**2 - 443*d + 483. Determine o(1).
21
Let b(x) = x**2 - 143*x + 1842. What is b(74)?
-3264
Let z(w) = -232*w + 9810. Give z(41).
298
Let u(t) = t**3 + 232*t**2 + 2649*t + 834. Give u(-220).
-1146
Let g(v) = -198*v**2 - 1743*v - 1216. Give g(-8).
56
Let s(b) = -b**3 + 12*b**2 